?
5
Let p(n) = -n**3 - n**2 + 9*n + 8. What is the units digit of p(-5)?
3
Suppose 4 = 2*f - f. Suppose 3*g - 17 - f = 0. What is the units digit of ((-1)/2)/(g/(-28))?
2
Let r = -12 - -5. Let h = r - -11. Suppose b + u = 1 + 2, 2*b + h*u = 6. What is the units digit of b?
3
Suppose -4*b = -6*b + 32. What is the tens digit of b?
1
Let g be ((3 - 0)*-2)/(-2). Suppose 2*n + 7 = 4*s + n, 0 = 4*s - g*n - 5. What is the units digit of s?
2
Let y(z) = z - 13. Let p be y(11). Let x(t) = -8*t - 3. What is the tens digit of x(p)?
1
Let s = 6 - -6. What is the tens digit of s?
1
Suppose 0 = -f - f + 62. What is the units digit of f?
1
Suppose 9*s + 835 = 14*s. What is the tens digit of s?
6
Let x = 6 + 15. Let b = x - 20. What is the units digit of b?
1
Suppose -2*a = 1 - 3. Let t be 0 + 16*a + -1. Suppose 3*v + 6 - t = 0. What is the units digit of v?
3
Let x be 0 - (-3 - -3 - 2). Suppose 10 + 6 = x*s. What is the units digit of s?
8
Suppose 0 = -q + 1 - 6. Let d(u) = -u**2 - 5*u + 3. Let n be d(q). Suppose -n*g - 2 = o + 3, -8 = -4*o - 5*g. What is the units digit of o?
7
What is the tens digit of 12/(-8) - (3 - (-281)/(-2))?
3
Let u be -1*(-2 - -7 - 2). Let f = 7 - u. What is the tens digit of f?
1
Let h be 16*1 - 2/(-1). Suppose -4 = j - h. What is the units digit of 12/(-21)*j/(-4)?
2
Suppose -4*g = -7 - 29. What is the units digit of g?
9
What is the units digit of (95 - 1)*3/6?
7
Suppose 3*g - 6*g = -3*s + 12, 2*s = 3*g + 7. Suppose -3*c + s = -7. What is the units digit of c?
4
Let r(q) = q**3 - 5*q**2 - 4*q - 10. What is the units digit of r(6)?
2
Let r(l) = l**2 - 4*l - 4. Let q be r(-3). Let d(g) = -3*g + 9. Let u be d(-8). Suppose -3*n = -3*i - 48, 5*n + i - q = u. What is the tens digit of n?
1
Suppose 5*q = -x + 7, 0 = q - 0 + 3. What is the units digit of x?
2
What is the tens digit of 3 - (-58)/(-1)*-1?
6
Suppose -3*w + 113 = o, -5*o - 195 = -4*w - w. Suppose -4*c = -3*b - 58, 3*c - c + 3*b - w = 0. What is the tens digit of c?
1
Let t = 28 - 16. What is the units digit of (-35)/2*t/(-5)?
2
Suppose 4 = -2*i - v, -4 = -2*i - 0*i - 5*v. Let f = 28 + i. What is the units digit of f?
5
Let r be 27/3*-11*-1. What is the units digit of r/6 + (-2)/(-4)?
7
Let d(o) = -o**2 - 23*o + 4. What is the tens digit of d(-8)?
2
Let q(b) = b + 4. Suppose 0*a + 12 = -3*a. Let p = 11 + a. What is the units digit of q(p)?
1
Suppose -4*y + 8 = 4*y. Let o be (-1 + 1)/(0 + 2). Suppose 0 = 2*f + g + y, -4*g - 18 = f - o*f. What is the units digit of f?
2
Let p(q) = -4*q - 3. Let r = -3 + -2. What is the units digit of p(r)?
7
Let l(n) = n**2 + 14*n + 49. What is the units digit of l(-22)?
5
Let k(l) = l**3 + 6*l**2 + 4*l - 2. Let u be k(-6). Let b = -18 - u. What is the units digit of b?
8
Suppose 0 = 6*y - 107 - 187. What is the units digit of y?
9
What is the tens digit of (1265/25)/1 - 4/(-10)?
5
Let l(r) = -r**2 + 16*r - 4. Let x be l(13). Let s = -9 + x. What is the units digit of s?
6
Let q(r) = -164*r + 1. What is the units digit of q(-1)?
5
Let d(o) be the first derivative of -o**5/120 + o**4/24 + 2*o**3/3 - 1. Let a(r) be the third derivative of d(r). What is the units digit of a(-2)?
3
Let d = 3 + 0. Suppose 3*i + x - 57 = -4*x, 19 = 2*i - d*x. What is the tens digit of i?
1
Let u(t) = t + 6. Let x(d) = -2. Let f(r) = -1. Let g(i) = 5*f(i) - 2*x(i). Let h(y) = 4*g(y) + u(y). What is the tens digit of h(8)?
1
Let w(s) = -s**3 - 6*s**2 - 5*s + 3. Let h be w(-8). Suppose -7*y + 2*y + 200 = o, -h = -4*y - 3*o. What is the tens digit of y?
3
Suppose -34 + 194 = 5*y. What is the tens digit of y?
3
Let w(j) be the first derivative of j**3/3 + j**2/2 - 4*j - 4. What is the units digit of w(-3)?
2
Suppose -2*m - m = -75. What is the units digit of m?
5
Let i be 4*1*54/(-24). What is the units digit of 51*(1 - (-6)/i)?
7
Let t be 1*5/((-10)/(-54)). Suppose -t = i - 4*i. What is the units digit of i?
9
Let x(i) = -i**2 - 12*i + 4. Let r be x(-12). Suppose r*h = 27 + 9. Suppose -l = a + l - 9, -5*l = a - h. What is the units digit of a?
9
Let r be -3 + 8/(4 - 2). What is the units digit of 0 - r - (-11 + 0)?
0
Let r(i) be the third derivative of i**5/60 + i**4/24 + i**3/2 + 3*i**2. What is the tens digit of r(3)?
1
Let b be (-3)/(-2) + 2/4. Suppose -4*y + 4 = 8. Let x = b + y. What is the units digit of x?
1
Suppose -3*k - 2 + 38 = 0. Let g be 0/3 + k + -2. Let m = 18 - g. What is the units digit of m?
8
Suppose -1537 = 14*z - 4659. What is the units digit of z?
3
Suppose r + r = 106. What is the tens digit of r?
5
Let t = 91 - 10. What is the units digit of t?
1
Let c = 55 - 40. What is the units digit of c?
5
Suppose 5*n + 0*n - 30 = 0. Let s(q) = 3*q - 9. What is the units digit of s(n)?
9
Suppose 2*b - 101 = 3*c, 3*c + c + 263 = 5*b. What is the tens digit of b?
5
Let y = 41 + -19. What is the units digit of (y/(-4))/(2/(-4))?
1
Suppose -120 = -4*k + 3*o, 3*k + 2*k + 3*o - 123 = 0. Suppose 0 = 2*t + 7 - k. What is the units digit of t?
0
Let m be 1 + 3/3 - -7. Let b = 17 - 12. Let x = m - b. What is the units digit of x?
4
Let p(h) = -h**3 - 7*h**2 - h + 8. Let k = 1 - 8. What is the units digit of p(k)?
5
Suppose -1 - 5 = -3*r. What is the tens digit of (64/(-20))/(r/(-10))?
1
Let a be (7 - 1)*(-78)/(-9). Suppose 0 = -4*c + a - 12. What is the tens digit of c?
1
Let s(i) = i**2 - i - 3. Let k be s(0). What is the units digit of (k/((-6)/16))/1?
8
Suppose 3*q - 869 = -5*z - 69, 0 = 2*q. What is the tens digit of z?
6
Suppose 5*o = 69 - 9. What is the tens digit of o?
1
What is the units digit of -2 - (-59 + (2 - 4))?
9
Let g(m) be the second derivative of 3*m**3/2 + m**2/2 + 4*m. What is the units digit of g(1)?
0
Let c(a) = 2*a**3 - 2*a**2 - a + 1. Suppose 0 = 4*w + n - 10, 5*w = 3*w - 2*n + 8. What is the units digit of c(w)?
7
Let m(p) = -p + 2. Let y be m(0). Suppose 6 - 1 = j. Suppose -4*k = j*d - 33, -d + 2*d - 9 = -y*k. What is the units digit of k?
2
Let k(s) = s**2 - 3. Suppose -3*g = -2*g - 6. What is the units digit of k(g)?
3
Let v(n) = 4*n**3 - n**2 - 4*n + 5. What is the units digit of v(3)?
2
Suppose -5*s = -5*b - 30, 0 - 4 = 4*s + 3*b. Let z be (s/2 - 2) + 2. What is the units digit of 5 + 13 + (-2)/z?
6
Let t = -52 + 77. Suppose 0 = 7*s - 2*s - t. What is the units digit of s?
5
Let m be 34/5*1*5. Let u be 1/3 - m/(-6). Suppose -3*h - 18 = -u*h. What is the units digit of h?
6
Let g(i) = -i**3 - 2*i**2 - 2*i - 3. Let u(q) = -6*q + 19. Let w(h) = -2*h + 6. Let j(r) = 3*u(r) - 8*w(r). Let c be j(6). What is the units digit of g(c)?
2
Let a = 6 + -6. Suppose a*g = -3*g + 33. What is the tens digit of g?
1
Suppose -4*o + 3*o + 2*x = -71, -5*o + 345 = -5*x. What is the tens digit of o?
6
Let u(t) = 99*t**2 + 4*t + 2. Let r be u(-2). What is the units digit of 2/(-7) - r/(-42)?
9
Suppose -5*h + 2 = -c + 47, 4*c = -5*h - 20. Let x(m) = 6*m**2 + 2*m - 2. Let q be x(-2). Let l = q + h. What is the units digit of l?
0
Let l = -4 - -6. Let f(v) = v**2 + 2*v**2 + 3*v + v**3 - 2*v**3 - 2. What is the units digit of f(l)?
8
Let f(s) = 4*s - 16. Let z(p) = -5*p + 17. Let b(o) = 7*f(o) + 6*z(o). What is the tens digit of b(-12)?
1
Let p(k) = 10*k + 2. What is the tens digit of p(6)?
6
Let m(o) = 3*o**2 - o - 10. What is the units digit of m(-7)?
4
Suppose 0 = 4*d + 5*w - 14, 2*d - 5*w - 28 = -d. Let y = 13 + -13. Suppose -d = -y*p - 3*p. What is the units digit of p?
2
Suppose 79 + 17 = 4*h. Let k = h - 13. What is the units digit of k?
1
Let h = 356 - 203. What is the units digit of h?
3
Let l = 4 + -1. Let n be 1/l - 176/(-12). Let g = n + -11. What is the units digit of g?
4
Suppose 0 = -4*k - 0*k + 56. What is the units digit of k?
4
Suppose 2 + 1 = -2*i - 3*h, 3 = -3*i - 3*h. Suppose i*s = s. Suppose o = -4, s = -4*p + p + o + 25. What is the units digit of p?
7
Suppose 3*k + 5*p = -10, k - 10 = -0*k + 5*p. Suppose j + 2 - 10 = k. What is the units digit of j?
8
Let d(h) = -4*h. Let x be d(-1). Suppose 0*k + x*o = -3*k + 43, 0 = 4*o - 4. What is the tens digit of k?
1
Let d(v) = 21*v**3 - 9*v**2 + 9*v - 5. Suppose q + q = -4. Let i(h) = -5*h**3 + 2*h**2 - 2*h + 1. Let r(g) = q*d(g) - 9*i(g). What is the units digit of r(1)?
4
Let j be (-185)/(-11) - 8/(-44). Suppose 4*c + j = 5*c. What is the tens digit of c?
1
Let s(m) = 14*m + 7. Let k(o) = o. Let